{"id":470,"date":"2023-03-05T11:53:42","date_gmt":"2023-03-05T14:53:42","guid":{"rendered":"https:\/\/hospitalserpiero.com.br\/?page_id=470"},"modified":"2023-03-17T11:08:29","modified_gmt":"2023-03-17T14:08:29","slug":"cuidados","status":"publish","type":"page","link":"https:\/\/hospitalserpiero.com.br\/index.php\/cuidados\/","title":{"rendered":"Cuidados"},"content":{"rendered":"<p>[et_pb_section fb_built=&#8221;1&#8243; _builder_version=&#8221;4.20.2&#8243; _module_preset=&#8221;default&#8221; use_background_color_gradient=&#8221;on&#8221; background_color_gradient_direction=&#8221;90deg&#8221; background_color_gradient_stops=&#8221;rgba(49,91,100,0.92) 0%|rgba(49, 91, 100, 0.81) 18%|rgba(255,255,255,0) 60%&#8221; background_color_gradient_overlays_image=&#8221;on&#8221; background_image=&#8221;https:\/\/hospitalserpiero.com.br\/wp-content\/uploads\/2023\/03\/SerPiero_Cuidados_1600px.jpg&#8221; custom_padding=&#8221;280px||180px||false|false&#8221; background_last_edited=&#8221;on|phone&#8221; use_background_color_gradient_phone=&#8221;on&#8221; background_color_gradient_stops_phone=&#8221;rgba(49,91,100,0.92) 1%|rgba(49, 91, 100, 0.81) 20%|rgba(49,91,100,0.45) 59%&#8221; global_colors_info=&#8221;{}&#8221;][et_pb_row _builder_version=&#8221;4.18.0&#8243; _module_preset=&#8221;default&#8221; global_colors_info=&#8221;{}&#8221;][et_pb_column type=&#8221;4_4&#8243; _builder_version=&#8221;4.18.0&#8243; _module_preset=&#8221;default&#8221; global_colors_info=&#8221;{}&#8221;][et_pb_text _builder_version=&#8221;4.20.2&#8243; _module_preset=&#8221;default&#8221; header_text_color=&#8221;#FFFFFF&#8221; header_font_size=&#8221;38px&#8221; header_letter_spacing=&#8221;8px&#8221; header_line_height=&#8221;1.1em&#8221; header_2_font=&#8221;Montserrat||on||||||&#8221; header_2_text_color=&#8221;#FFFFFF&#8221; header_2_font_size=&#8221;24px&#8221; header_2_letter_spacing=&#8221;13px&#8221; header_2_line_height=&#8221;1.3em&#8221; custom_margin=&#8221;||-8px|||&#8221; header_font_size_tablet=&#8221;38px&#8221; header_font_size_phone=&#8221;24px&#8221; header_font_size_last_edited=&#8221;on|phone&#8221; header_text_shadow_style=&#8221;preset3&#8243; global_colors_info=&#8221;{}&#8221;]<\/p>\n<h1>O CUIDADO<\/h1>\n<h1>PRESENTE<\/h1>\n<h2><\/h2>\n<p>[\/et_pb_text][dsm_typing_effect typing_effect=&#8221;em cada gesto&#8221; before_new_line=&#8221;on&#8221; after_new_line=&#8221;off&#8221; typing_loop=&#8221;off&#8221; typing_remove_cursor=&#8221;on&#8221; typing_shuffle=&#8221;on&#8221; typing_viewport=&#8221;100%&#8221; _builder_version=&#8221;4.20.2&#8243; _module_preset=&#8221;default&#8221; header_font=&#8221;Montserrat||on||||||&#8221; header_text_color=&#8221;#FFFFFF&#8221; header_font_size=&#8221;32px&#8221; header_letter_spacing=&#8221;14px&#8221; header_line_height=&#8221;1.1em&#8221; typing_font=&#8221;Montserrat||||||||&#8221; header_font_size_tablet=&#8221;38px&#8221; header_font_size_phone=&#8221;24px&#8221; header_font_size_last_edited=&#8221;on|phone&#8221; header_text_shadow_style=&#8221;preset3&#8243; global_colors_info=&#8221;{}&#8221; title_font_size_tablet=&#8221;38px&#8221; title_font_size_phone=&#8221;24px&#8221; title_font_size_last_edited=&#8221;on|phone&#8221;][\/dsm_typing_effect][\/et_pb_column][\/et_pb_row][\/et_pb_section][et_pb_section fb_built=&#8221;1&#8243; _builder_version=&#8221;4.20.2&#8243; _module_preset=&#8221;default&#8221; background_color=&#8221;#FFFFFF&#8221; custom_padding=&#8221;0px||0px|||&#8221; global_colors_info=&#8221;{}&#8221;][et_pb_row column_structure=&#8221;2_5,3_5&#8243; _builder_version=&#8221;4.20.0&#8243; _module_preset=&#8221;default&#8221; custom_padding=&#8221;65px||65px||true|false&#8221; global_colors_info=&#8221;{}&#8221;][et_pb_column type=&#8221;2_5&#8243; _builder_version=&#8221;4.20.0&#8243; _module_preset=&#8221;default&#8221; global_colors_info=&#8221;{}&#8221;][et_pb_text _builder_version=&#8221;4.20.2&#8243; _module_preset=&#8221;default&#8221; header_font=&#8221;Montserrat|900||on|||||&#8221; header_text_color=&#8221;#7bcbbf&#8221; header_font_size=&#8221;31px&#8221; header_2_font=&#8221;Montserrat|300|on||||||&#8221; header_2_text_color=&#8221;#197993&#8243; width_tablet=&#8221;&#8221; width_phone=&#8221;100%&#8221; width_last_edited=&#8221;on|phone&#8221; custom_margin=&#8221;||||false|false&#8221; custom_margin_tablet=&#8221;-24px|-65px||-10px|false|false&#8221; custom_margin_phone=&#8221;0px|0px||0px|false|false&#8221; custom_margin_last_edited=&#8221;on|phone&#8221; custom_padding=&#8221;||||false|false&#8221; global_colors_info=&#8221;{}&#8221;]<\/p>\n<h2>Essa \u00e9 a nossa maneira de ver e praticar<\/h2>\n<h1><strong>A sa\u00fade.<\/strong><\/h1>\n<p>[\/et_pb_text][\/et_pb_column][et_pb_column type=&#8221;3_5&#8243; _builder_version=&#8221;4.20.0&#8243; _module_preset=&#8221;default&#8221; global_colors_info=&#8221;{}&#8221;][et_pb_text _builder_version=&#8221;4.20.2&#8243; _module_preset=&#8221;default&#8221; header_2_font=&#8221;Montserrat|300|on||||||&#8221; header_2_letter_spacing=&#8221;10px&#8221; header_2_line_height=&#8221;1.4em&#8221; header_3_font=&#8221;Montserrat|300|||||||&#8221; header_3_text_color=&#8221;#107692&#8243; header_3_font_size=&#8221;16px&#8221; header_3_line_height=&#8221;2em&#8221; header_4_font=&#8221;Montserrat||||||||&#8221; header_4_text_color=&#8221;#107692&#8243; header_4_font_size=&#8221;16px&#8221; header_4_line_height=&#8221;2em&#8221; width_tablet=&#8221;&#8221; width_phone=&#8221;100%&#8221; width_last_edited=&#8221;on|phone&#8221; custom_margin=&#8221;||||false|false&#8221; custom_margin_tablet=&#8221;-24px|-65px||-10px|false|false&#8221; custom_margin_phone=&#8221;0px|0px||0px|false|false&#8221; custom_margin_last_edited=&#8221;on|phone&#8221; custom_padding=&#8221;||||false|false&#8221; global_colors_info=&#8221;{}&#8221;]<\/p>\n<h4>A vida \u00e9 plena, mas tamb\u00e9m ela apresenta momentos onde todos precisamos de apoio e cuidados especiais.<\/h4>\n<h3>Quando esses momentos acontecem, \u00e9 sempre bom contar com a experi\u00eancia de quem vive a sa\u00fade da maneira mais humana poss\u00edvel e que acolhe a todos com EMPATIA, RESPEITO e DIGNIDADE.<\/h3>\n<p>[\/et_pb_text][\/et_pb_column][\/et_pb_row][\/et_pb_section][et_pb_section fb_built=&#8221;1&#8243; module_id=&#8221;acomodacoes&#8221; module_class=&#8221;acomodacoes&#8221; _builder_version=&#8221;4.20.2&#8243; _module_preset=&#8221;default&#8221; use_background_color_gradient=&#8221;on&#8221; background_color_gradient_direction=&#8221;45deg&#8221; background_color_gradient_stops=&#8221;#002735 0%|#0b5d63 100%&#8221; custom_padding=&#8221;80px||40px|||&#8221; global_colors_info=&#8221;{}&#8221;][et_pb_row _builder_version=&#8221;4.20.1&#8243; _module_preset=&#8221;default&#8221; max_width=&#8221;1150px&#8221; global_colors_info=&#8221;{}&#8221;][et_pb_column type=&#8221;4_4&#8243; _builder_version=&#8221;4.20.0&#8243; _module_preset=&#8221;default&#8221; global_colors_info=&#8221;{}&#8221;][et_pb_text _builder_version=&#8221;4.20.2&#8243; _module_preset=&#8221;default&#8221; header_text_color=&#8221;#13ab97&#8243; header_font_size=&#8221;25px&#8221; header_letter_spacing=&#8221;8px&#8221; header_2_text_align=&#8221;center&#8221; header_2_text_color=&#8221;#13ab97&#8243; header_2_font_size=&#8221;25px&#8221; header_2_letter_spacing=&#8221;10px&#8221; header_2_line_height=&#8221;1.4em&#8221; header_3_font=&#8221;Montserrat|500|||||||&#8221; header_3_text_align=&#8221;justify&#8221; header_3_line_height=&#8221;2.2em&#8221; width=&#8221;100%&#8221; max_width=&#8221;80%&#8221; module_alignment=&#8221;center&#8221; custom_margin=&#8221;|||-22px||&#8221; header_font_size_tablet=&#8221;25px&#8221; header_font_size_phone=&#8221;25px&#8221; header_font_size_last_edited=&#8221;on|phone&#8221; header_letter_spacing_tablet=&#8221;8px&#8221; header_letter_spacing_phone=&#8221;4px&#8221; header_letter_spacing_last_edited=&#8221;on|phone&#8221; global_colors_info=&#8221;{}&#8221;]<\/p>\n<h2>Carinho e cuidado n\u00e3o t\u00eam idade, mas t\u00eam lugar. Em nossas m\u00e3os!<\/h2>\n<p>[\/et_pb_text][\/et_pb_column][\/et_pb_row][et_pb_row _builder_version=&#8221;4.20.0&#8243; _module_preset=&#8221;default&#8221; max_width=&#8221;720px&#8221; global_colors_info=&#8221;{}&#8221;][et_pb_column type=&#8221;4_4&#8243; _builder_version=&#8221;4.20.0&#8243; _module_preset=&#8221;default&#8221; global_colors_info=&#8221;{}&#8221;][et_pb_video src=&#8221;https:\/\/hospitalserpiero.com.br\/wp-content\/uploads\/2023\/03\/HOSPITAL%20SERPIERO_QUEM%20CUIDAMOS_140323.mp4&#8243; image_src=&#8221;https:\/\/hospitalserpiero.com.br\/wp-content\/uploads\/2023\/03\/SerPiero_Video_Cuidados.jpg&#8221; _builder_version=&#8221;4.20.2&#8243; _module_preset=&#8221;default&#8221; global_colors_info=&#8221;{}&#8221;][\/et_pb_video][\/et_pb_column][\/et_pb_row][\/et_pb_section][et_pb_section fb_built=&#8221;1&#8243; module_id=&#8221;acomodacoes&#8221; module_class=&#8221;acomodacoes&#8221; _builder_version=&#8221;4.20.0&#8243; _module_preset=&#8221;default&#8221; custom_padding=&#8221;48px||0px|||&#8221; use_background_color_gradient_phone=&#8221;on&#8221; background_color_gradient_stops_phone=&#8221;rgba(49,91,100,0.92) 1%|rgba(49, 91, 100, 0.81) 20%|rgba(49,91,100,0.45) 59%&#8221; global_colors_info=&#8221;{}&#8221;][et_pb_row _builder_version=&#8221;4.20.0&#8243; _module_preset=&#8221;default&#8221; custom_padding=&#8221;50px||50px||true|false&#8221; global_colors_info=&#8221;{}&#8221;][et_pb_column type=&#8221;4_4&#8243; _builder_version=&#8221;4.20.0&#8243; _module_preset=&#8221;default&#8221; global_colors_info=&#8221;{}&#8221;][et_pb_text _builder_version=&#8221;4.20.2&#8243; _module_preset=&#8221;default&#8221; header_2_font=&#8221;Montserrat|300|on||||||&#8221; header_2_letter_spacing=&#8221;10px&#8221; header_2_line_height=&#8221;1.4em&#8221; header_3_font=&#8221;Montserrat||||||||&#8221; header_3_text_color=&#8221;#107692&#8243; header_3_line_height=&#8221;1.5em&#8221; header_4_font=&#8221;Montserrat|300|||||||&#8221; header_4_text_color=&#8221;#107692&#8243; header_4_font_size=&#8221;15px&#8221; header_4_line_height=&#8221;1.5em&#8221; width_tablet=&#8221;&#8221; width_phone=&#8221;100%&#8221; width_last_edited=&#8221;on|phone&#8221; custom_margin=&#8221;||||false|false&#8221; custom_margin_tablet=&#8221;-24px|-65px||-10px|false|false&#8221; custom_margin_phone=&#8221;0px|0px||0px|false|false&#8221; custom_margin_last_edited=&#8221;on|phone&#8221; custom_padding=&#8221;||||false|false&#8221; global_colors_info=&#8221;{}&#8221;]<\/p>\n<h1>ATENDIMENTO<\/h1>\n<h2>ADULTO E INFANTIL<\/h2>\n<h3><\/h3>\n<h3>Cada idade apresenta seus pr\u00f3prios desafios e aqui, no Hospital SerPiero, estamos preparados para lidar com todos eles.<\/h3>\n<h4>Gra\u00e7as a uma estrutura idealizada para proporcionar a m\u00e1xima qualidade ao atendimento adulto e infantil, \u00e9 poss\u00edvel cuidar de maneira individualizada de cada caso, oferecendo sempre o que h\u00e1 de melhor e mais moderno ao alcance da medicina de transi\u00e7\u00e3o, como:<\/h4>\n<h3>Reabilita\u00e7\u00e3o de pacientes de forma a reinseri-lo no servi\u00e7o ambulatorial e\/ou domiciliar de sa\u00fade.<\/h3>\n<h4>Interna\u00e7\u00e3o e acolhimento de pacientes em cuidados paliativos e\/ou finitude.<\/h4>\n<h3>Interna\u00e7\u00e3o de pacientes portadores de doen\u00e7as cr\u00f4nicas, por\u00e9m, sem necessidade da complexidade dos hospitais convencionais.<\/h3>\n<h4>Interna\u00e7\u00e3o de pacientes de baixa complexidade para tratamentos agudos, tais como: tratamento de pneumonias, infec\u00e7\u00f5es urin\u00e1rias, dial\u00edticos, p\u00f3s-operat\u00f3rios, entre outros.<\/h4>\n<h3>Interna\u00e7\u00e3o de pacientes em quimioterapia ou imunoterapia que exijam cuidados extra-ambulatoriais, por\u00e9m, menos complexos do que os de um hospital de m\u00e9dia ou alta complexidade.<\/h3>\n<h4>Suporte \u00e0s empresas de Home Care na realiza\u00e7\u00e3o de procedimentos m\u00e9dicos hospitalares de baixa complexidade.<\/h4>\n<p>[\/et_pb_text][\/et_pb_column][\/et_pb_row][\/et_pb_section][et_pb_section fb_built=&#8221;1&#8243; _builder_version=&#8221;4.20.0&#8243; _module_preset=&#8221;default&#8221; custom_padding=&#8221;0px||0px|||&#8221; global_colors_info=&#8221;{}&#8221;][et_pb_row _builder_version=&#8221;4.20.2&#8243; _module_preset=&#8221;default&#8221; module_alignment=&#8221;center&#8221; custom_padding=&#8221;||||false|false&#8221; global_colors_info=&#8221;{}&#8221;][et_pb_column type=&#8221;4_4&#8243; _builder_version=&#8221;4.20.0&#8243; _module_preset=&#8221;default&#8221; global_colors_info=&#8221;{}&#8221;][dsm_masonry_gallery gallery_ids=&#8221;486,487,488,489,490,491,492&#8243; columns=&#8221;4&#8243; gutter=&#8221;10&#8243; use_horizontal_order=&#8221;off&#8221; use_zoom_on_hover=&#8221;on&#8221; _builder_version=&#8221;4.20.0&#8243; _module_preset=&#8221;default&#8221; custom_padding=&#8221;||33px|||&#8221; border_radii=&#8221;on|10px|10px|10px|10px&#8221; border_color_all=&#8221;#FFFFFF&#8221; border_radii_grid=&#8221;on|10px|10px|10px|10px&#8221; box_shadow_style_grid=&#8221;preset3&#8243; global_colors_info=&#8221;{}&#8221;][\/dsm_masonry_gallery][\/et_pb_column][\/et_pb_row][\/et_pb_section][et_pb_section fb_built=&#8221;1&#8243; _builder_version=&#8221;4.18.0&#8243; _module_preset=&#8221;default&#8221; use_background_color_gradient=&#8221;on&#8221; background_color_gradient_direction=&#8221;90deg&#8221; background_color_gradient_stops=&#8221;#002735 0%|#0b5d63 100%&#8221; custom_margin=&#8221;-25px|||||&#8221; custom_padding=&#8221;||4px|||&#8221; global_module=&#8221;225&#8243; saved_tabs=&#8221;all&#8221; global_colors_info=&#8221;{}&#8221;][et_pb_row column_structure=&#8221;1_4,1_4,1_4,1_4&#8243; _builder_version=&#8221;4.20.2&#8243; _module_preset=&#8221;default&#8221; width_tablet=&#8221;&#8221; width_phone=&#8221;&#8221; width_last_edited=&#8221;on|desktop&#8221; max_width_tablet=&#8221;1250px&#8221; max_width_phone=&#8221;1250px&#8221; max_width_last_edited=&#8221;on|phone&#8221; custom_padding=&#8221;22px||0px|||&#8221; global_colors_info=&#8221;{}&#8221;][et_pb_column type=&#8221;1_4&#8243; _builder_version=&#8221;4.18.0&#8243; _module_preset=&#8221;default&#8221; global_colors_info=&#8221;{}&#8221;][et_pb_image src=&#8221;https:\/\/hospitalserpiero.com.br\/wp-content\/uploads\/2023\/02\/5_Logotipo_SerPiero_Horizontal_Neg-265px.png&#8221; title_text=&#8221;5_Logotipo_SerPiero_Horizontal_Neg-265px&#8221; url=&#8221;\/&#8221; align_tablet=&#8221;&#8221; align_phone=&#8221;center&#8221; align_last_edited=&#8221;on|phone&#8221; _builder_version=&#8221;4.20.0&#8243; _module_preset=&#8221;default&#8221; min_height=&#8221;50.3px&#8221; custom_margin=&#8221;-14px||40px|||&#8221; global_colors_info=&#8221;{}&#8221;][\/et_pb_image][\/et_pb_column][et_pb_column type=&#8221;1_4&#8243; _builder_version=&#8221;4.18.0&#8243; _module_preset=&#8221;default&#8221; global_colors_info=&#8221;{}&#8221;][et_pb_text module_id=&#8221;social&#8221; _builder_version=&#8221;4.20.2&#8243; _module_preset=&#8221;default&#8221; header_font=&#8221;Montserrat|600|||||||&#8221; header_text_align=&#8221;center&#8221; header_text_color=&#8221;#13ab97&#8243; header_font_size=&#8221;15px&#8221; header_letter_spacing=&#8221;2px&#8221; transform_translate_linked__hover=&#8221;off&#8221; custom_margin=&#8221;2px||||false|false&#8221; custom_padding=&#8221;||||false|false&#8221; animation_style=&#8221;slide&#8221; animation_direction=&#8221;right&#8221; animation_duration=&#8221;1300ms&#8221; animation_intensity_slide=&#8221;60%&#8221; hover_enabled=&#8221;0&#8243; global_colors_info=&#8221;{}&#8221; transform_styles__hover_enabled=&#8221;on|hover&#8221; transform_scale__hover_enabled=&#8221;on|hover&#8221; transform_translate__hover_enabled=&#8221;on|desktop&#8221; transform_rotate__hover_enabled=&#8221;on|desktop&#8221; transform_skew__hover_enabled=&#8221;on|desktop&#8221; transform_origin__hover_enabled=&#8221;on|desktop&#8221; transform_translate__hover=&#8221;0px|-10px&#8221; sticky_enabled=&#8221;0&#8243;]<\/p>\n<h1>\u00a0\u00a0<img loading=\"lazy\" decoding=\"async\" src=\"https:\/\/hospitalserpiero.com.br\/wp-content\/uploads\/2023\/03\/SerPiero_Telefone_52px_Rodape.png\" width=\"32\" height=\"32\" alt=\"\" class=\"wp-image-74 size-full\" \/> \u00a0 13 2131.3400<\/h1>\n<p>[\/et_pb_text][\/et_pb_column][et_pb_column type=&#8221;1_4&#8243; _builder_version=&#8221;4.18.0&#8243; _module_preset=&#8221;default&#8221; global_colors_info=&#8221;{}&#8221;][et_pb_text _builder_version=&#8221;4.20.2&#8243; _module_preset=&#8221;default&#8221; header_font=&#8221;Montserrat|600|||||||&#8221; header_text_align=&#8221;center&#8221; header_text_color=&#8221;#13ab97&#8243; header_font_size=&#8221;15px&#8221; header_letter_spacing=&#8221;2px&#8221; transform_translate_linked__hover=&#8221;off&#8221; custom_margin=&#8221;||||false|false&#8221; custom_padding=&#8221;3px||||false|false&#8221; animation_style=&#8221;slide&#8221; animation_direction=&#8221;right&#8221; animation_duration=&#8221;1300ms&#8221; animation_intensity_slide=&#8221;60%&#8221; link_option_url=&#8221;https:\/\/goo.gl\/maps\/sWtErWwMM1KAFTs46&#8243; link_option_url_new_window=&#8221;on&#8221; global_colors_info=&#8221;{}&#8221; transform_styles__hover_enabled=&#8221;on|hover&#8221; transform_scale__hover_enabled=&#8221;on|hover&#8221; transform_translate__hover_enabled=&#8221;on|desktop&#8221; transform_rotate__hover_enabled=&#8221;on|desktop&#8221; transform_skew__hover_enabled=&#8221;on|desktop&#8221; transform_origin__hover_enabled=&#8221;on|desktop&#8221; transform_translate__hover=&#8221;0px|-10px&#8221;]<\/p>\n<h1>\u00a0 <img loading=\"lazy\" decoding=\"async\" src=\"https:\/\/hospitalserpiero.com.br\/wp-content\/uploads\/2023\/03\/SerPiero_Localizacao_52px_Rodape.png\" width=\"32\" height=\"32\" alt=\"\" class=\"wp-image-74 size-full\" \/> \u00a0COMO CHEGAR<\/h1>\n<p>[\/et_pb_text][\/et_pb_column][et_pb_column type=&#8221;1_4&#8243; _builder_version=&#8221;4.18.0&#8243; _module_preset=&#8221;default&#8221; global_colors_info=&#8221;{}&#8221;][et_pb_text _builder_version=&#8221;4.20.2&#8243; _module_preset=&#8221;default&#8221; header_font=&#8221;Montserrat|600|||||||&#8221; header_text_align=&#8221;center&#8221; header_text_color=&#8221;#13ab97&#8243; header_font_size=&#8221;15px&#8221; header_letter_spacing=&#8221;2px&#8221; transform_translate_linked=&#8221;off&#8221; custom_margin=&#8221;||||false|false&#8221; custom_padding=&#8221;4px||||false|false&#8221; animation_style=&#8221;slide&#8221; animation_direction=&#8221;right&#8221; animation_duration=&#8221;1300ms&#8221; animation_intensity_slide=&#8221;60%&#8221; global_colors_info=&#8221;{}&#8221; transform_styles__hover_enabled=&#8221;on|hover&#8221; transform_scale__hover_enabled=&#8221;on|desktop&#8221; transform_translate__hover_enabled=&#8221;on|hover&#8221; transform_rotate__hover_enabled=&#8221;on|desktop&#8221; transform_skew__hover_enabled=&#8221;on|desktop&#8221; transform_origin__hover_enabled=&#8221;on|desktop&#8221; transform_translate__hover=&#8221;0px|-10px&#8221;]<\/p>\n<h1>\u00a0 <a href=\"https:\/\/www.linkedin.com\/company\/hospitalserpiero\/\" target=\"_blank\" rel=\"noopener\"><img loading=\"lazy\" decoding=\"async\" src=\"https:\/\/hospitalserpiero.com.br\/wp-content\/uploads\/2023\/03\/SerPiero_Linkedin_52px_Rodape.png\" width=\"32\" height=\"32\" alt=\"\" class=\"wp-image-72 alignnone size-full\" \/><\/a>\u00a0 <a href=\"https:\/\/www.instagram.com\/hospitalserpiero\/\" target=\"_blank\" rel=\"noopener\"><img loading=\"lazy\" decoding=\"async\" src=\"https:\/\/hospitalserpiero.com.br\/wp-content\/uploads\/2023\/03\/SerPiero_Instagram_52px_Rodape.png\" width=\"32\" height=\"32\" alt=\"\" class=\"wp-image-72 alignnone size-full\" \/><\/a>\u00a0 ACOMPANHE<\/h1>\n<p>[\/et_pb_text][\/et_pb_column][\/et_pb_row][\/et_pb_section]<\/p>\n","protected":false},"excerpt":{"rendered":"<p>O CUIDADO PRESENTE <div class=\"et_pb_module dsm_typing_effect dsm_typing_effect_0 et_pb_bg_layout_light \">\n\t\t\t\t\n\t\t\t\t\n\t\t\t\t\n\t\t\t\t\n\t\t\t\t\n\t\t\t\t\n\t\t\t\t<div class=\"et_pb_module_inner\">\n\t\t\t\t\t<h1 class=\"dsm-typing-effect et_pb_module_header\"><span class=\"dsm-typing-wrapper\"><span class=\"dsm-typing-strings\">em cada gesto<\/span><span class=\"dsm-typing\" data-dsm-typing-cursor=\"|\" data-dsm-typing-strings=\"em cada gesto\" data-dsm-typing-speed=100ms data-dsm-typing-backspeed=50ms data-dsm-typing-backdelay=700ms data-dsm-typing-loop=false data-dsm-typing-remove-cursor=on data-dsm-typing-fadeout=false data-dsm-typing-shuffle=true data-dsm-typing-delay=0ms data-dsm-typing-viewport=100% data-dsm-typing-repeat=on><\/span><\/span><\/h1>\n\t\t\t\t<\/div>\n\t\t\t<\/div>Essa \u00e9 a nossa maneira de ver e praticar A sa\u00fade.A vida \u00e9 plena, mas tamb\u00e9m ela apresenta momentos onde todos precisamos de apoio e cuidados especiais. [&hellip;]<\/p>\n","protected":false},"author":1,"featured_media":0,"parent":0,"menu_order":0,"comment_status":"closed","ping_status":"closed","template":"","meta":{"_et_pb_use_builder":"on","_et_pb_old_content":"","_et_gb_content_width":"","footnotes":""},"class_list":["post-470","page","type-page","status-publish","hentry"],"_links":{"self":[{"href":"https:\/\/hospitalserpiero.com.br\/index.php\/wp-json\/wp\/v2\/pages\/470","targetHints":{"allow":["GET"]}}],"collection":[{"href":"https:\/\/hospitalserpiero.com.br\/index.php\/wp-json\/wp\/v2\/pages"}],"about":[{"href":"https:\/\/hospitalserpiero.com.br\/index.php\/wp-json\/wp\/v2\/types\/page"}],"author":[{"embeddable":true,"href":"https:\/\/hospitalserpiero.com.br\/index.php\/wp-json\/wp\/v2\/users\/1"}],"replies":[{"embeddable":true,"href":"https:\/\/hospitalserpiero.com.br\/index.php\/wp-json\/wp\/v2\/comments?post=470"}],"version-history":[{"count":40,"href":"https:\/\/hospitalserpiero.com.br\/index.php\/wp-json\/wp\/v2\/pages\/470\/revisions"}],"predecessor-version":[{"id":1096,"href":"https:\/\/hospitalserpiero.com.br\/index.php\/wp-json\/wp\/v2\/pages\/470\/revisions\/1096"}],"wp:attachment":[{"href":"https:\/\/hospitalserpiero.com.br\/index.php\/wp-json\/wp\/v2\/media?parent=470"}],"curies":[{"name":"wp","href":"https:\/\/api.w.org\/{rel}","templated":true}]}}